hat is the tens digit of 1428?
2
What is the tens digit of 35137?
3
What is the thousands digit of 4513?
4
What is the units digit of 11305?
5
What is the units digit of 80516?
6
What is the hundreds digit of 568?
5
What is the units digit of 7?
7
What is the units digit of 11437?
7
What is the units digit of 8122?
2
What is the hundreds digit of 67317?
3
What is the tens digit of 2398?
9
What is the units digit of 233?
3
What is the thousands digit of 11165?
1
What is the tens digit of 1129?
2
What is the thousands digit of 82602?
2
What is the thousands digit of 1553?
1
What is the units digit of 2050?
0
What is the tens digit of 806?
0
What is the hundreds digit of 1859?
8
What is the units digit of 1151?
1
What is the hundreds digit of 48052?
0
What is the units digit of 2324?
4
What is the hundreds digit of 305?
3
What is the units digit of 723?
3
What is the ten thousands digit of 27217?
2
What is the hundreds digit of 1551?
5
What is the tens digit of 2923?
2
What is the units digit of 25003?
3
What is the units digit of 850?
0
What is the thousands digit of 9589?
9
What is the hundreds digit of 2853?
8
What is the hundreds digit of 90326?
3
What is the units digit of 3146?
6
What is the tens digit of 4745?
4
What is the ten thousands digit of 58091?
5
What is the ten thousands digit of 13930?
1
What is the units digit of 38988?
8
What is the units digit of 946?
6
What is the tens digit of 12431?
3
What is the hundreds digit of 45411?
4
What is the units digit of 296?
6
What is the hundreds digit of 230?
2
What is the thousands digit of 9776?
9
What is the ten thousands digit of 12924?
1
What is the hundreds digit of 1281?
2
What is the thousands digit of 1465?
1
What is the units digit of 21441?
1
What is the tens digit of 2652?
5
What is the thousands digit of 1159?
1
What is the ten thousands digit of 18837?
1
What is the hundreds digit of 3173?
1
What is the ten thousands digit of 67709?
6
What is the thousands digit of 1852?
1
What is the tens digit of 64965?
6
What is the units digit of 339?
9
What is the hundred thousands digit of 190392?
1
What is the thousands digit of 1222?
1
What is the tens digit of 112015?
1
What is the tens digit of 835?
3
What is the tens digit of 21269?
6
What is the thousands digit of 33223?
3
What is the hundreds digit of 17787?
7
What is the tens digit of 2563?
6
What is the thousands digit of 3289?
3
What is the units digit of 1069?
9
What is the hundreds digit of 1035?
0
What is the units digit of 14614?
4
What is the hundreds digit of 114663?
6
What is the ten thousands digit of 70298?
7
What is the tens digit of 284?
8
What is the thousands digit of 10330?
0
What is the units digit of 577?
7
What is the ten thousands digit of 18080?
1
What is the thousands digit of 1326?
1
What is the tens digit of 5674?
7
What is the hundreds digit of 3285?
2
What is the tens digit of 496?
9
What is the hundreds digit of 527?
5
What is the tens digit of 7923?
2
What is the hundreds digit of 465?
4
What is the hundreds digit of 1036?
0
What is the tens digit of 23593?
9
What is the ten thousands digit of 24046?
2
What is the hundreds digit of 7731?
7
What is the units digit of 2515?
5
What is the hundreds digit of 28791?
7
What is the hundreds digit of 4463?
4
What is the hundreds digit of 2157?
1
What is the hundreds digit of 6517?
5
What is the units digit of 262?
2
What is the units digit of 804?
4
What is the hundreds digit of 89441?
4
What is the tens digit of 15897?
9
What is the units digit of 36?
6
What is the hundreds digit of 3105?
1
What is the tens digit of 3213?
1
What is the units digit of 20926?
6
What is the units digit of 2758?
8
What is the units digit of 62918?
8
What is the thousands digit of 31866?
1
What is the thousands digit of 1314?
1
What is the tens digit of 188?
8
What is the hundreds digit of 91974?
9
What is the units digit of 2511?
1
What is the thousands digit of 30286?
0
What is the units digit of 10167?
7
What is the tens digit of 6242?
4
What is the ten thousands digit of 10943?
1
What is the tens digit of 3072?
7
What is the hundreds digit of 968?
9
What is the thousands digit of 2532?
2
What is the units digit of 5456?
6
What is the hundreds digit of 325?
3
What is the units digit of 11825?
5
What is the units digit of 19854?
4
What is the units digit of 49?
9
What is the units digit of 38689?
9
What is the hundreds digit of 1259?
2
What is the thousands digit of 2926?
2
What is the units digit of 1636?
6
What is the hundreds digit of 513?
5
What is the hundreds digit of 838?
8
What is the hundreds digit of 16434?
4
What is the thousands digit of 6172?
6
What is the tens digit of 6685?
8
What is the units digit of 3735?
5
What is the units digit of 2176?
6
What is the ten thousands digit of 44649?
4
What is the thousands digit of 13652?
3
What is the thousands digit of 4164?
4
What is the tens digit of 96?
9
What is the units digit of 1572?
2
What is the thousands digit of 2749?
2
What is the thousands digit of 69667?
9
What is the ten thousands digit of 56120?
5
What is the units digit of 11136?
6
What is the hundreds digit of 4448?
4
What is the units digit of 71635?
5
What is the ten thousands digit of 10339?
1
What is the tens digit of 25?
2
What is the tens digit of 166965?
6
What is the thousands digit of 2259?
2
What is the units digit of 657?
7
What is the thousands digit of 4689?
4
What is the tens digit of 5510?
1
What is the ten thousands digit of 22900?
2
What is the hundreds digit of 8867?
8
What is the hundreds digit of 14529?
5
What is the hundreds digit of 3568?
5
What is the units digit of 19121?
1
What is the tens digit of 111032?
3
What is the tens digit of 126769?
6
What is the hundreds digit of 1785?
7
What is the units digit of 1931?
1
What is the ten thousands digit of 43328?
4
What is the ten thousands digit of 69892?
6
What is the units digit of 581?
1
What is the units digit of 5543?
3
What is the thousands digit of 49047?
9
What is the hundreds digit of 7136?
1
What is the units digit of 3057?
7
What is the units digit of 15520?
0
What is the hundreds digit of 8162?
1
What is the units digit of 3413?
3
What is the hundreds digit of 768?
7
What is the hundreds digit of 363?
3
What is the thousands digit of 40385?
0
What is the tens digit of 142?
4
What is the units digit of 5286?
6
What is the thousands digit of 7055?
7
What is the hundred thousands digit of 100299?
1
What is the hundreds digit of 7077?
0
What is the thousands digit of 23466?
3
What is the thousands digit of 17634?
7
What is the ten thousands digit of 14710?
1
What is the units digit of 203?
3
What is the hundreds digit of 591?
5
What is the ten thousands digit of 18609?
1
What is the tens digit of 711?
1
What is the tens digit of 42?
4
What is the thousands digit of 10665?
0
What is the ten thousands digit of 14286?
1
What is the thousands digit of 3987?
3
What is the thousands digit of 9999?
9
What is the hundreds digit of 42074?
0
What is the thousands digit of 2934?
2
What is the hundreds digit of 1119?
1
What is the ten thousands digit of 18686?
1
What is the tens digit of 14572?
7
What is the hundreds digit of 39189?
1
What is the units digit of 99?
9
What is the thousands digit of 6097?
6
What is the thousands digit of 55110?
5
What is the thousands digit of 4835?
4
What is the units digit of 294?
4
What is the thousands digit of 1091?
1
What is the tens digit of 1926?
2
What is the units digit of 2826?
6
What is the hundreds digit of 18299?
2
What is the tens digit of 2449?
4
What is the hundreds digit of 803?
8
What is the hundreds digit of 8123?
1
What is the thousands digit of 5092?
5
What is the thousands digit of 3189?
3
What is the thousands digit of 104449?
4
What is the tens digit of 135889?
8
What is the tens digit of 1202?
0
What is the hundreds digit of 3648?
6
What is the thousands digit of 13619?
3
What is the ten thousands digit of 38471?
3
What is the tens digit of 1332?
3
What is the hundreds digit of 3295?
2
What is the tens digit of 3327?
2
What is the tens digit of 5604?
0
What is the thousands digit of 35733?
5
What is the hundreds digit of 44087?
0
What is the units digit of 5776?
6
What is the tens digit of 1187?
8
What is the units digit of 46342?
2
